{"id":19,"date":"2025-12-10T09:36:11","date_gmt":"2025-12-10T08:36:11","guid":{"rendered":"https:\/\/hyperbaricconference.fumed.pl\/?page_id=19"},"modified":"2026-01-19T11:51:12","modified_gmt":"2026-01-19T10:51:12","slug":"dlaczego-warto","status":"publish","type":"page","link":"https:\/\/hyperbaricconference.fumed.pl\/index.php\/dlaczego-warto\/","title":{"rendered":"Dlaczego warto?"},"content":{"rendered":"\t\t<div data-elementor-type=\"wp-page\" data-elementor-id=\"19\" class=\"elementor elementor-19\">\n\t\t\t\t<div class=\"elementor-element elementor-element-344c78f e-flex e-con-boxed e-con e-parent\" data-id=\"344c78f\" data-element_type=\"container\" data-settings=\"{&quot;background_background&quot;:&quot;classic&quot;}\">\n\t\t\t\t\t<div class=\"e-con-inner\">\n\t\t\t\t\t<\/div>\n\t\t\t\t<\/div>\n\t\t<div class=\"elementor-element elementor-element-37a5aaf e-flex e-con-boxed e-con e-parent\" data-id=\"37a5aaf\" data-element_type=\"container\">\n\t\t\t\t\t<div class=\"e-con-inner\">\n\t\t<div class=\"elementor-element elementor-element-0a9dca7 e-con-full e-flex e-con e-child\" data-id=\"0a9dca7\" data-element_type=\"container\">\n\t\t\t\t<div class=\"elementor-element elementor-element-51afe78 elementor-widget elementor-widget-heading\" data-id=\"51afe78\" data-element_type=\"widget\" data-widget_type=\"heading.default\">\n\t\t\t\t\t<h2 class=\"elementor-heading-title elementor-size-default\">Dlaczego warto?<\/h2>\t\t\t\t<\/div>\n\t\t\t\t<\/div>\n\t\t\t\t\t<\/div>\n\t\t\t\t<\/div>\n\t\t<div class=\"elementor-element elementor-element-96db751 e-flex e-con-boxed e-con e-parent\" data-id=\"96db751\" data-element_type=\"container\">\n\t\t\t\t\t<div class=\"e-con-inner\">\n\t\t\t\t<div class=\"elementor-element elementor-element-80b7989 elementor-widget elementor-widget-text-editor\" data-id=\"80b7989\" data-element_type=\"widget\" data-widget_type=\"text-editor.default\">\n\t\t\t\t\t\t\t\t\t<p>Udzia\u0142 czynny w XXVI Konferencji Naukowej \u201eCz\u0142owiek w \u015brodowisku wodnym \u2013 medycyna, technika, bezpiecze\u0144stwo\u201d to presti\u017cowa forma prezentacji dorobku naukowego i zawodowego. Prelegenci oraz autorzy poster\u00f3w otrzymuj\u0105 szereg korzy\u015bci:<\/p>\t\t\t\t\t\t\t\t<\/div>\n\t\t\t\t\t<\/div>\n\t\t\t\t<\/div>\n\t\t<div class=\"elementor-element elementor-element-4083e6b e-flex e-con-boxed e-con e-parent\" data-id=\"4083e6b\" data-element_type=\"container\">\n\t\t\t\t\t<div class=\"e-con-inner\">\n\t\t<div class=\"elementor-element elementor-element-2450282 e-con-full e-flex e-con e-child\" data-id=\"2450282\" data-element_type=\"container\" data-settings=\"{&quot;background_background&quot;:&quot;classic&quot;}\">\n\t\t\t\t<div class=\"elementor-element elementor-element-4323fc6 elementor-position-top elementor-widget elementor-widget-image-box\" data-id=\"4323fc6\" data-element_type=\"widget\" data-widget_type=\"image-box.default\">\n\t\t\t\t\t<div class=\"elementor-image-box-wrapper\"><figure class=\"elementor-image-box-img\"><img decoding=\"async\" width=\"72\" height=\"72\" src=\"https:\/\/hyperbaricconference.fumed.pl\/wp-content\/uploads\/2025\/12\/Magazine.png\" class=\"attachment-full size-full wp-image-90\" alt=\"\" \/><\/figure><div class=\"elementor-image-box-content\"><h3 class=\"elementor-image-box-title\">1. Publikacja w czasopi\u015bmie Polish Hyperbaric Research<\/h3><\/div><\/div>\t\t\t\t<\/div>\n\t\t<div class=\"elementor-element elementor-element-0651fe2 e-con-full e-flex e-con e-child\" data-id=\"0651fe2\" data-element_type=\"container\">\n\t\t\t\t<div class=\"elementor-element elementor-element-7e28eac elementor-widget elementor-widget-text-editor\" data-id=\"7e28eac\" data-element_type=\"widget\" data-widget_type=\"text-editor.default\">\n\t\t\t\t\t\t\t\t\t<p>Autorzy wyst\u0105pie\u0144 mog\u0105 opublikowa\u0107 swoje prace \u2028w recenzowanym czasopi\u015bmie\u00a0Polish Hyperbaric Research, jedynym w Polsce tytu\u0142em po\u015bwi\u0119conym \u2028tej tematyce.<\/p><p>To szansa na:<\/p><ul><li>upowszechnienie wynik\u00f3w bada\u0144 w \u015brodowisku mi\u0119dzynarodowym,<\/li><li>zwi\u0119kszenie dorobku naukowego,<\/li><li>uzyskanie cennego punktowanego publikacji.<\/li><\/ul>\t\t\t\t\t\t\t\t<\/div>\n\t\t\t\t<\/div>\n\t\t\t\t<\/div>\n\t\t<div class=\"elementor-element elementor-element-babdc63 e-con-full e-flex e-con e-child\" data-id=\"babdc63\" data-element_type=\"container\" data-settings=\"{&quot;background_background&quot;:&quot;classic&quot;}\">\n\t\t\t\t<div class=\"elementor-element elementor-element-4f23075 elementor-position-top elementor-widget elementor-widget-image-box\" data-id=\"4f23075\" data-element_type=\"widget\" data-widget_type=\"image-box.default\">\n\t\t\t\t\t<div class=\"elementor-image-box-wrapper\"><figure class=\"elementor-image-box-img\"><img decoding=\"async\" width=\"72\" height=\"72\" src=\"https:\/\/hyperbaricconference.fumed.pl\/wp-content\/uploads\/2025\/12\/Auditorium.png\" class=\"attachment-full size-full wp-image-91\" alt=\"\" \/><\/figure><div class=\"elementor-image-box-content\"><h3 class=\"elementor-image-box-title\">2. Prezentacja bada\u0144 szerokiemu gronu specjalist\u00f3w<\/h3><\/div><\/div>\t\t\t\t<\/div>\n\t\t<div class=\"elementor-element elementor-element-751a7bd e-con-full e-flex e-con e-child\" data-id=\"751a7bd\" data-element_type=\"container\">\n\t\t\t\t<div class=\"elementor-element elementor-element-d2d9f8f elementor-widget elementor-widget-text-editor\" data-id=\"d2d9f8f\" data-element_type=\"widget\" data-widget_type=\"text-editor.default\">\n\t\t\t\t\t\t\t\t\t<p>Wyst\u0105pienia pozwalaj\u0105 zaprezentowa\u0107 wyniki pracy naukowcom, in\u017cynierom, przedstawicielom bran\u017cy oraz studentom zainteresowanym \u015brodowiskiem wodnym \u2028i technologi\u0105 hiperbaryczn\u0105.<\/p>\t\t\t\t\t\t\t\t<\/div>\n\t\t\t\t<\/div>\n\t\t\t\t<\/div>\n\t\t<div class=\"elementor-element elementor-element-c6fe745 e-con-full e-flex e-con e-child\" data-id=\"c6fe745\" data-element_type=\"container\" data-settings=\"{&quot;background_background&quot;:&quot;classic&quot;}\">\n\t\t\t\t<div class=\"elementor-element elementor-element-70b9db5 elementor-position-top elementor-widget elementor-widget-image-box\" data-id=\"70b9db5\" data-element_type=\"widget\" data-widget_type=\"image-box.default\">\n\t\t\t\t\t<div class=\"elementor-image-box-wrapper\"><figure class=\"elementor-image-box-img\"><img decoding=\"async\" width=\"72\" height=\"72\" src=\"https:\/\/hyperbaricconference.fumed.pl\/wp-content\/uploads\/2025\/12\/Very-Popular-Topic.png\" class=\"attachment-full size-full wp-image-92\" alt=\"\" \/><\/figure><div class=\"elementor-image-box-content\"><h3 class=\"elementor-image-box-title\">3. Mo\u017cliwo\u015b\u0107 otrzymania opinii i recenzji ekspert\u00f3w<\/h3><\/div><\/div>\t\t\t\t<\/div>\n\t\t<div class=\"elementor-element elementor-element-9f3ad48 e-con-full e-flex e-con e-child\" data-id=\"9f3ad48\" data-element_type=\"container\">\n\t\t\t\t<div class=\"elementor-element elementor-element-c5784c4 elementor-widget elementor-widget-text-editor\" data-id=\"c5784c4\" data-element_type=\"widget\" data-widget_type=\"text-editor.default\">\n\t\t\t\t\t\t\t\t\t<p>Wyst\u0105pienia s\u0105 oceniane przez Komitet Naukowy, co daje autorom merytoryczn\u0105 informacj\u0119 zwrotn\u0105 i mo\u017cliwo\u015b\u0107 wyci\u0105gni\u0119cia wniosk\u00f3w \u2028do dalszego rozwoju bada\u0144.<\/p>\t\t\t\t\t\t\t\t<\/div>\n\t\t\t\t<\/div>\n\t\t\t\t<\/div>\n\t\t<div class=\"elementor-element elementor-element-c0807bb e-con-full e-flex e-con e-child\" data-id=\"c0807bb\" data-element_type=\"container\" data-settings=\"{&quot;background_background&quot;:&quot;classic&quot;}\">\n\t\t\t\t<div class=\"elementor-element elementor-element-c40c7d0 elementor-position-top elementor-widget elementor-widget-image-box\" data-id=\"c40c7d0\" data-element_type=\"widget\" data-widget_type=\"image-box.default\">\n\t\t\t\t\t<div class=\"elementor-image-box-wrapper\"><figure class=\"elementor-image-box-img\"><img loading=\"lazy\" decoding=\"async\" width=\"72\" height=\"72\" src=\"https:\/\/hyperbaricconference.fumed.pl\/wp-content\/uploads\/2025\/12\/Features-List.png\" class=\"attachment-full size-full wp-image-97\" alt=\"\" \/><\/figure><div class=\"elementor-image-box-content\"><h3 class=\"elementor-image-box-title\">4. Punkty edukacyjne dla zawod\u00f3w medycznych<\/h3><\/div><\/div>\t\t\t\t<\/div>\n\t\t<div class=\"elementor-element elementor-element-2114422 e-con-full e-flex e-con e-child\" data-id=\"2114422\" data-element_type=\"container\">\n\t\t\t\t<div class=\"elementor-element elementor-element-dc8e4f8 elementor-widget elementor-widget-text-editor\" data-id=\"dc8e4f8\" data-element_type=\"widget\" data-widget_type=\"text-editor.default\">\n\t\t\t\t\t\t\t\t\t<p>Przedstawiciele zawod\u00f3w medycznych (lekarze, piel\u0119gniarki, ratownicy, diagno\u015bci i inni) otrzymuj\u0105 punkty edukacyjne wspieraj\u0105ce rozw\u00f3j zawodowy.<\/p>\t\t\t\t\t\t\t\t<\/div>\n\t\t\t\t<\/div>\n\t\t\t\t<\/div>\n\t\t\t\t\t<\/div>\n\t\t\t\t<\/div>\n\t\t<div class=\"elementor-element elementor-element-c6d6100 e-flex e-con-boxed e-con e-parent\" data-id=\"c6d6100\" data-element_type=\"container\">\n\t\t\t\t\t<div class=\"e-con-inner\">\n\t\t<div class=\"elementor-element elementor-element-b48e45f e-con-full e-flex e-con e-child\" data-id=\"b48e45f\" data-element_type=\"container\" data-settings=\"{&quot;background_background&quot;:&quot;classic&quot;}\">\n\t\t\t\t<div class=\"elementor-element elementor-element-ee505a9 elementor-position-top elementor-widget elementor-widget-image-box\" data-id=\"ee505a9\" data-element_type=\"widget\" data-widget_type=\"image-box.default\">\n\t\t\t\t\t<div class=\"elementor-image-box-wrapper\"><figure class=\"elementor-image-box-img\"><img loading=\"lazy\" decoding=\"async\" width=\"72\" height=\"72\" src=\"https:\/\/hyperbaricconference.fumed.pl\/wp-content\/uploads\/2025\/12\/Omnichannel.png\" class=\"attachment-full size-full wp-image-98\" alt=\"\" \/><\/figure><div class=\"elementor-image-box-content\"><h3 class=\"elementor-image-box-title\">5. Networking i kontakty \u015brodowiskowe<\/h3><\/div><\/div>\t\t\t\t<\/div>\n\t\t<div class=\"elementor-element elementor-element-5e96f92 e-con-full e-flex e-con e-child\" data-id=\"5e96f92\" data-element_type=\"container\">\n\t\t\t\t<div class=\"elementor-element elementor-element-a3b422f elementor-widget elementor-widget-text-editor\" data-id=\"a3b422f\" data-element_type=\"widget\" data-widget_type=\"text-editor.default\">\n\t\t\t\t\t\t\t\t\t<p>Udzia\u0142 czynny zwi\u0119ksza widoczno\u015b\u0107 autora i u\u0142atwia:<\/p><ul><li>nawi\u0105zywanie kontakt\u00f3w z innymi badaczami i praktykami,<\/li><li>budowanie wsp\u00f3\u0142pracy naukowej lub projektowej,<\/li><li>pog\u0142\u0119bienie relacji w \u015brodowisku hiperbarycznym i nurkowym.<\/li><\/ul>\t\t\t\t\t\t\t\t<\/div>\n\t\t\t\t<\/div>\n\t\t\t\t<\/div>\n\t\t<div class=\"elementor-element elementor-element-ac423eb e-con-full e-flex e-con e-child\" data-id=\"ac423eb\" data-element_type=\"container\" data-settings=\"{&quot;background_background&quot;:&quot;classic&quot;}\">\n\t\t\t\t<div class=\"elementor-element elementor-element-38cae1e elementor-position-top elementor-widget elementor-widget-image-box\" data-id=\"38cae1e\" data-element_type=\"widget\" data-widget_type=\"image-box.default\">\n\t\t\t\t\t<div class=\"elementor-image-box-wrapper\"><figure class=\"elementor-image-box-img\"><img loading=\"lazy\" decoding=\"async\" width=\"72\" height=\"72\" src=\"https:\/\/hyperbaricconference.fumed.pl\/wp-content\/uploads\/2025\/12\/Light-Automation.png\" class=\"attachment-full size-full wp-image-99\" alt=\"\" \/><\/figure><div class=\"elementor-image-box-content\"><h3 class=\"elementor-image-box-title\">6. Mo\u017cliwo\u015b\u0107 zaprezentowania innowacji, rozwi\u0105za\u0144 technicznych i projekt\u00f3w<\/h3><\/div><\/div>\t\t\t\t<\/div>\n\t\t<div class=\"elementor-element elementor-element-2623e04 e-con-full e-flex e-con e-child\" data-id=\"2623e04\" data-element_type=\"container\">\n\t\t\t\t<div class=\"elementor-element elementor-element-e0cf52c elementor-widget elementor-widget-text-editor\" data-id=\"e0cf52c\" data-element_type=\"widget\" data-widget_type=\"text-editor.default\">\n\t\t\t\t\t\t\t\t\t<p>Konferencja jest znakomitym miejscem do przedstawienia:<\/p><ul><li>nowych technologii,<\/li><li>wynalazk\u00f3w,<\/li><li>prototyp\u00f3w,<\/li><li>udoskonale\u0144 technicznych,<\/li><li>rozwi\u0105za\u0144 dla bezpiecze\u0144stwa podwodnego i nawodnego.<\/li><\/ul><p>Daje to szans\u0119 na zdobycie wsp\u00f3\u0142pracownik\u00f3w, partner\u00f3w lub odbiorc\u00f3w wdro\u017ce\u0144.<\/p>\t\t\t\t\t\t\t\t<\/div>\n\t\t\t\t<\/div>\n\t\t\t\t<\/div>\n\t\t<div class=\"elementor-element elementor-element-579cc04 e-con-full e-flex e-con e-child\" data-id=\"579cc04\" data-element_type=\"container\" data-settings=\"{&quot;background_background&quot;:&quot;classic&quot;}\">\n\t\t\t\t<div class=\"elementor-element elementor-element-11c77fc elementor-position-top elementor-widget elementor-widget-image-box\" data-id=\"11c77fc\" data-element_type=\"widget\" data-widget_type=\"image-box.default\">\n\t\t\t\t\t<div class=\"elementor-image-box-wrapper\"><figure class=\"elementor-image-box-img\"><img loading=\"lazy\" decoding=\"async\" width=\"72\" height=\"72\" src=\"https:\/\/hyperbaricconference.fumed.pl\/wp-content\/uploads\/2025\/12\/Poster.png\" class=\"attachment-full size-full wp-image-100\" alt=\"\" \/><\/figure><div class=\"elementor-image-box-content\"><h3 class=\"elementor-image-box-title\">7. Udzia\u0142 w sesji plakatowej (dla autor\u00f3w poster\u00f3w)<\/h3><\/div><\/div>\t\t\t\t<\/div>\n\t\t<div class=\"elementor-element elementor-element-d571ab3 e-con-full e-flex e-con e-child\" data-id=\"d571ab3\" data-element_type=\"container\">\n\t\t\t\t<div class=\"elementor-element elementor-element-ac7e5e6 elementor-widget elementor-widget-text-editor\" data-id=\"ac7e5e6\" data-element_type=\"widget\" data-widget_type=\"text-editor.default\">\n\t\t\t\t\t\t\t\t\t<p>Autorzy poster\u00f3w maj\u0105 okazj\u0119 zaprezentowa\u0107 swoje badania w formule sprzyjaj\u0105cej rozmowie indywidualnej, dyskusji i wymianie do\u015bwiadcze\u0144 z innymi specjalistami.<\/p>\t\t\t\t\t\t\t\t<\/div>\n\t\t\t\t<\/div>\n\t\t\t\t<\/div>\n\t\t<div class=\"elementor-element elementor-element-f4c22ca e-con-full e-flex e-con e-child\" data-id=\"f4c22ca\" data-element_type=\"container\" data-settings=\"{&quot;background_background&quot;:&quot;classic&quot;}\">\n\t\t\t\t<div class=\"elementor-element elementor-element-256a3f8 elementor-position-top elementor-widget elementor-widget-image-box\" data-id=\"256a3f8\" data-element_type=\"widget\" data-widget_type=\"image-box.default\">\n\t\t\t\t\t<div class=\"elementor-image-box-wrapper\"><figure class=\"elementor-image-box-img\"><img loading=\"lazy\" decoding=\"async\" width=\"72\" height=\"72\" src=\"https:\/\/hyperbaricconference.fumed.pl\/wp-content\/uploads\/2025\/12\/Certificate.png\" class=\"attachment-full size-full wp-image-101\" alt=\"\" \/><\/figure><div class=\"elementor-image-box-content\"><h3 class=\"elementor-image-box-title\">8. Certyfikat uczestnictwa czynnego<\/h3><\/div><\/div>\t\t\t\t<\/div>\n\t\t<div class=\"elementor-element elementor-element-25c9114 e-con-full e-flex e-con e-child\" data-id=\"25c9114\" data-element_type=\"container\">\n\t\t\t\t<div class=\"elementor-element elementor-element-3ca9a84 elementor-widget elementor-widget-text-editor\" data-id=\"3ca9a84\" data-element_type=\"widget\" data-widget_type=\"text-editor.default\">\n\t\t\t\t\t\t\t\t\t<p>Ka\u017cdy prelegent oraz autor posteru otrzymuje imienny certyfikat potwierdzaj\u0105cy czynny udzia\u0142, kt\u00f3ry mo\u017ce by\u0107 wykorzystywany w dokumentacji zawodowej, doktoranckiej lub akademickiej.<\/p>\t\t\t\t\t\t\t\t<\/div>\n\t\t\t\t<\/div>\n\t\t\t\t<\/div>\n\t\t\t\t\t<\/div>\n\t\t\t\t<\/div>\n\t\t\t\t<\/div>\n\t\t","protected":false},"excerpt":{"rendered":"<p>Dlaczego warto? Udzia\u0142 czynny w XXVI Konferencji Naukowej \u201eCz\u0142owiek w \u015brodowisku wodnym \u2013 medycyna, technika, bezpiecze\u0144stwo\u201d to presti\u017cowa forma prezentacji [&hellip;]<\/p>\n","protected":false},"author":1,"featured_media":0,"parent":0,"menu_order":0,"comment_status":"closed","ping_status":"closed","template":"","meta":{"site-sidebar-layout":"no-sidebar","site-content-layout":"","ast-site-content-layout":"full-width-container","site-content-style":"default","site-sidebar-style":"default","ast-global-header-display":"","ast-banner-title-visibility":"","ast-main-header-display":"","ast-hfb-above-header-display":"","ast-hfb-below-header-display":"","ast-hfb-mobile-header-display":"","site-post-title":"disabled","ast-breadcrumbs-content":"","ast-featured-img":"disabled","footer-sml-layout":"","ast-disable-related-posts":"","theme-transparent-header-meta":"","adv-header-id-meta":"","stick-header-meta":"","header-above-stick-meta":"","header-main-stick-meta":"","header-below-stick-meta":"","astra-migrate-meta-layouts":"default","ast-page-background-enabled":"default","ast-page-background-meta":{"desktop":{"background-color":"var(--ast-global-color-5)","background-image":"","background-repeat":"repeat","background-position":"center center","background-size":"auto","background-attachment":"scroll","background-type":"","background-media":"","overlay-type":"","overlay-color":"","overlay-opacity":"","overlay-gradient":""},"tablet":{"background-color":"","background-image":"","background-repeat":"repeat","background-position":"center center","background-size":"auto","background-attachment":"scroll","background-type":"","background-media":"","overlay-type":"","overlay-color":"","overlay-opacity":"","overlay-gradient":""},"mobile":{"background-color":"","background-image":"","background-repeat":"repeat","background-position":"center center","background-size":"auto","background-attachment":"scroll","background-type":"","background-media":"","overlay-type":"","overlay-color":"","overlay-opacity":"","overlay-gradient":""}},"ast-content-background-meta":{"desktop":{"background-color":"var(--ast-global-color-4)","background-image":"","background-repeat":"repeat","background-position":"center center","background-size":"auto","background-attachment":"scroll","background-type":"","background-media":"","overlay-type":"","overlay-color":"","overlay-opacity":"","overlay-gradient":""},"tablet":{"background-color":"var(--ast-global-color-4)","background-image":"","background-repeat":"repeat","background-position":"center center","background-size":"auto","background-attachment":"scroll","background-type":"","background-media":"","overlay-type":"","overlay-color":"","overlay-opacity":"","overlay-gradient":""},"mobile":{"background-color":"var(--ast-global-color-4)","background-image":"","background-repeat":"repeat","background-position":"center center","background-size":"auto","background-attachment":"scroll","background-type":"","background-media":"","overlay-type":"","overlay-color":"","overlay-opacity":"","overlay-gradient":""}},"footnotes":""},"class_list":["post-19","page","type-page","status-publish","hentry"],"_links":{"self":[{"href":"https:\/\/hyperbaricconference.fumed.pl\/index.php\/wp-json\/wp\/v2\/pages\/19","targetHints":{"allow":["GET"]}}],"collection":[{"href":"https:\/\/hyperbaricconference.fumed.pl\/index.php\/wp-json\/wp\/v2\/pages"}],"about":[{"href":"https:\/\/hyperbaricconference.fumed.pl\/index.php\/wp-json\/wp\/v2\/types\/page"}],"author":[{"embeddable":true,"href":"https:\/\/hyperbaricconference.fumed.pl\/index.php\/wp-json\/wp\/v2\/users\/1"}],"replies":[{"embeddable":true,"href":"https:\/\/hyperbaricconference.fumed.pl\/index.php\/wp-json\/wp\/v2\/comments?post=19"}],"version-history":[{"count":13,"href":"https:\/\/hyperbaricconference.fumed.pl\/index.php\/wp-json\/wp\/v2\/pages\/19\/revisions"}],"predecessor-version":[{"id":597,"href":"https:\/\/hyperbaricconference.fumed.pl\/index.php\/wp-json\/wp\/v2\/pages\/19\/revisions\/597"}],"wp:attachment":[{"href":"https:\/\/hyperbaricconference.fumed.pl\/index.php\/wp-json\/wp\/v2\/media?parent=19"}],"curies":[{"name":"wp","href":"https:\/\/api.w.org\/{rel}","templated":true}]}}