{"id":275,"date":"2026-01-13T11:30:22","date_gmt":"2026-01-13T10:30:22","guid":{"rendered":"https:\/\/hyperbaricconference.fumed.pl\/?page_id=275"},"modified":"2026-03-02T09:48:02","modified_gmt":"2026-03-02T08:48:02","slug":"rejestracja-pakiety","status":"publish","type":"page","link":"https:\/\/hyperbaricconference.fumed.pl\/index.php\/rejestracja-pakiety\/","title":{"rendered":"Rejestracja &#8211; wybierz pakiet"},"content":{"rendered":"\t\t<div data-elementor-type=\"wp-page\" data-elementor-id=\"275\" class=\"elementor elementor-275\">\n\t\t\t\t<div class=\"elementor-element elementor-element-d6daf01 e-flex e-con-boxed e-con e-parent\" data-id=\"d6daf01\" data-element_type=\"container\" data-settings=\"{&quot;background_background&quot;:&quot;classic&quot;}\">\n\t\t\t\t\t<div class=\"e-con-inner\">\n\t\t\t\t\t<\/div>\n\t\t\t\t<\/div>\n\t\t<div class=\"elementor-element elementor-element-6ba7b91 e-flex e-con-boxed e-con e-parent\" data-id=\"6ba7b91\" data-element_type=\"container\">\n\t\t\t\t\t<div class=\"e-con-inner\">\n\t\t<div class=\"elementor-element elementor-element-c18303f e-con-full e-flex e-con e-child\" data-id=\"c18303f\" data-element_type=\"container\">\n\t\t\t\t<div class=\"elementor-element elementor-element-cc3f8ce elementor-widget elementor-widget-heading\" data-id=\"cc3f8ce\" data-element_type=\"widget\" data-widget_type=\"heading.default\">\n\t\t\t\t\t<h2 class=\"elementor-heading-title elementor-size-default\">WYBIERZ PAKIET I PRZEJD\u0179 DO REJESTRACJI<\/h2>\t\t\t\t<\/div>\n\t\t\t\t<\/div>\n\t\t\t\t\t<\/div>\n\t\t\t\t<\/div>\n\t\t<div class=\"elementor-element elementor-element-ecc5c21 e-flex e-con-boxed e-con e-parent\" data-id=\"ecc5c21\" data-element_type=\"container\">\n\t\t\t\t\t<div class=\"e-con-inner\">\n\t\t\t\t\t<\/div>\n\t\t\t\t<\/div>\n\t\t<div class=\"elementor-element elementor-element-76833ae e-flex e-con-boxed e-con e-parent\" data-id=\"76833ae\" data-element_type=\"container\">\n\t\t\t\t\t<div class=\"e-con-inner\">\n\t\t<div class=\"elementor-element elementor-element-06e0b5c e-con-full e-flex e-con e-child\" data-id=\"06e0b5c\" data-element_type=\"container\" data-settings=\"{&quot;background_background&quot;:&quot;classic&quot;}\">\n\t\t\t\t<div class=\"elementor-element elementor-element-27f879f elementor-widget elementor-widget-heading\" data-id=\"27f879f\" data-element_type=\"widget\" data-widget_type=\"heading.default\">\n\t\t\t\t\t<h2 class=\"elementor-heading-title elementor-size-default\">Standard Passive Pass<\/h2>\t\t\t\t<\/div>\n\t\t\t\t<div class=\"elementor-element elementor-element-fdcf4f7 elementor-widget elementor-widget-heading\" data-id=\"fdcf4f7\" data-element_type=\"widget\" data-widget_type=\"heading.default\">\n\t\t\t\t\t<h2 class=\"elementor-heading-title elementor-size-default\">600 Z\u0141 <\/h2>\t\t\t\t<\/div>\n\t\t<div class=\"elementor-element elementor-element-e04690f e-con-full e-flex e-con e-child\" data-id=\"e04690f\" data-element_type=\"container\">\n\t\t\t\t<div class=\"elementor-element elementor-element-a457df6 elementor-widget elementor-widget-text-editor\" data-id=\"a457df6\" data-element_type=\"widget\" data-widget_type=\"text-editor.default\">\n\t\t\t\t\t\t\t\t\t<p>Pe\u0142ny dost\u0119p do wiedzy, Certyfikat z Punktami Edukacyjnymi \u2028i presti\u017cowy Networking Dinner. Idealny, by ch\u0142on\u0105\u0107 wiedz\u0119 \u2028i budowa\u0107 kontakty.<\/p>\t\t\t\t\t\t\t\t<\/div>\n\t\t\t\t<\/div>\n\t\t\t\t<div class=\"elementor-element elementor-element-3e2483f elementor-align-justify elementor-widget elementor-widget-button\" data-id=\"3e2483f\" data-element_type=\"widget\" data-widget_type=\"button.default\">\n\t\t\t\t\t\t\t\t\t\t<a class=\"elementor-button elementor-button-link elementor-size-sm elementor-animation-grow\" href=\"https:\/\/hyperbaricconference.fumed.pl\/index.php\/rejestracja-pakiety\/\">\n\t\t\t\t\t\t<span class=\"elementor-button-content-wrapper\">\n\t\t\t\t\t\t\t\t\t<span class=\"elementor-button-text\">Rejestracja nie jest mo\u017cliwa<\/span>\n\t\t\t\t\t<\/span>\n\t\t\t\t\t<\/a>\n\t\t\t\t\t\t\t\t<\/div>\n\t\t\t\t<\/div>\n\t\t<div class=\"elementor-element elementor-element-69f89c5 e-con-full e-flex e-con e-child\" data-id=\"69f89c5\" data-element_type=\"container\" data-settings=\"{&quot;background_background&quot;:&quot;classic&quot;}\">\n\t\t\t\t<div class=\"elementor-element elementor-element-2c03b53 elementor-widget elementor-widget-heading\" data-id=\"2c03b53\" data-element_type=\"widget\" data-widget_type=\"heading.default\">\n\t\t\t\t\t<h2 class=\"elementor-heading-title elementor-size-default\">Standard Active Pass<\/h2>\t\t\t\t<\/div>\n\t\t\t\t<div class=\"elementor-element elementor-element-f950335 elementor-widget elementor-widget-heading\" data-id=\"f950335\" data-element_type=\"widget\" data-widget_type=\"heading.default\">\n\t\t\t\t\t<h2 class=\"elementor-heading-title elementor-size-default\">650 Z\u0141 <\/h2>\t\t\t\t<\/div>\n\t\t<div class=\"elementor-element elementor-element-e2752b0 e-con-full e-flex e-con e-child\" data-id=\"e2752b0\" data-element_type=\"container\">\n\t\t\t\t<div class=\"elementor-element elementor-element-3f4adfc elementor-widget elementor-widget-text-editor\" data-id=\"3f4adfc\" data-element_type=\"widget\" data-widget_type=\"text-editor.default\">\n\t\t\t\t\t\t\t\t\t<p>Zaprezentuj swoj\u0105 prac\u0119 ekspertom i uzyskaj publikacj\u0119 abstraktu w biuletynie PTMiTH, a tak\u017ce mo\u017cliwo\u015b\u0107 publikacji artyku\u0142u w bran\u017cowym magazynie &#8222;Polish Hyperbaric Research&#8221; (po wyra\u017ceniu zgody Rady Naukowej na publikacj\u0119 otrzymasz 50% zwrotu ceny pakietu) i skorzystaj ze wszystkich korzy\u015bci pakietu Passive<\/p>\t\t\t\t\t\t\t\t<\/div>\n\t\t\t\t<\/div>\n\t\t\t\t<div class=\"elementor-element elementor-element-e02c937 elementor-align-justify elementor-widget elementor-widget-button\" data-id=\"e02c937\" data-element_type=\"widget\" data-widget_type=\"button.default\">\n\t\t\t\t\t\t\t\t\t\t<a class=\"elementor-button elementor-button-link elementor-size-sm elementor-animation-grow\" href=\"https:\/\/hyperbaricconference.fumed.pl\/index.php\/rejestracja-pakiety\/\">\n\t\t\t\t\t\t<span class=\"elementor-button-content-wrapper\">\n\t\t\t\t\t\t\t\t\t<span class=\"elementor-button-text\">Rejestracja nie jest mo\u017cliwa<\/span>\n\t\t\t\t\t<\/span>\n\t\t\t\t\t<\/a>\n\t\t\t\t\t\t\t\t<\/div>\n\t\t\t\t<\/div>\n\t\t<div class=\"elementor-element elementor-element-7928aea e-con-full e-flex e-con e-child\" data-id=\"7928aea\" data-element_type=\"container\" data-settings=\"{&quot;background_background&quot;:&quot;classic&quot;}\">\n\t\t\t\t<div class=\"elementor-element elementor-element-f2aac1b elementor-widget elementor-widget-heading\" data-id=\"f2aac1b\" data-element_type=\"widget\" data-widget_type=\"heading.default\">\n\t\t\t\t\t<h2 class=\"elementor-heading-title elementor-size-default\">Member\/Student Pass<\/h2>\t\t\t\t<\/div>\n\t\t\t\t<div class=\"elementor-element elementor-element-46a853f elementor-widget elementor-widget-heading\" data-id=\"46a853f\" data-element_type=\"widget\" data-widget_type=\"heading.default\">\n\t\t\t\t\t<h2 class=\"elementor-heading-title elementor-size-default\">450 Z\u0141 <\/h2>\t\t\t\t<\/div>\n\t\t<div class=\"elementor-element elementor-element-f884082 e-con-full e-flex e-con e-child\" data-id=\"f884082\" data-element_type=\"container\">\n\t\t\t\t<div class=\"elementor-element elementor-element-e86d2a3 elementor-widget elementor-widget-text-editor\" data-id=\"e86d2a3\" data-element_type=\"widget\" data-widget_type=\"text-editor.default\">\n\t\t\t\t\t\t\t\t\t<p>Opcja dla <strong>Cz\u0142onk\u00f3w<\/strong><br \/><strong>Polskiego Towarzystwa Medycyny Techniki Hiperbarycznej<\/strong> i student\u00f3w z najwa\u017cniejszymi elementami: udzia\u0142<br \/>czynny i bierny (pakiety STANDARD PASSIVE PASS i STANDARD ACTIVE<br \/>PASS),certyfikat i dost\u0119p do strefy partner\u00f3w<\/p>\t\t\t\t\t\t\t\t<\/div>\n\t\t\t\t<\/div>\n\t\t\t\t<div class=\"elementor-element elementor-element-9e04325 elementor-align-justify elementor-widget elementor-widget-button\" data-id=\"9e04325\" data-element_type=\"widget\" data-widget_type=\"button.default\">\n\t\t\t\t\t\t\t\t\t\t<a class=\"elementor-button elementor-button-link elementor-size-sm elementor-animation-grow\" href=\"https:\/\/hyperbaricconference.fumed.pl\/index.php\/rejestracja-pakiety\/\">\n\t\t\t\t\t\t<span class=\"elementor-button-content-wrapper\">\n\t\t\t\t\t\t\t\t\t<span class=\"elementor-button-text\">Rejestracja nie jest mo\u017cliwa<\/span>\n\t\t\t\t\t<\/span>\n\t\t\t\t\t<\/a>\n\t\t\t\t\t\t\t\t<\/div>\n\t\t\t\t<\/div>\n\t\t\t\t\t<\/div>\n\t\t\t\t<\/div>\n\t\t<div class=\"elementor-element elementor-element-693552b e-flex e-con-boxed e-con e-parent\" data-id=\"693552b\" data-element_type=\"container\">\n\t\t\t\t\t<div class=\"e-con-inner\">\n\t\t<div class=\"elementor-element elementor-element-9d1081a e-con-full e-flex e-con e-child\" data-id=\"9d1081a\" data-element_type=\"container\">\n\t\t\t\t<\/div>\n\t\t<div class=\"elementor-element elementor-element-a0dcd15 e-con-full e-flex e-con e-child\" data-id=\"a0dcd15\" data-element_type=\"container\" data-settings=\"{&quot;background_background&quot;:&quot;classic&quot;}\">\n\t\t\t\t<div class=\"elementor-element elementor-element-f18b189 elementor-widget elementor-widget-heading\" data-id=\"f18b189\" data-element_type=\"widget\" data-widget_type=\"heading.default\">\n\t\t\t\t\t<h2 class=\"elementor-heading-title elementor-size-default\">digital <br> access Pass<\/h2>\t\t\t\t<\/div>\n\t\t\t\t<div class=\"elementor-element elementor-element-8972594 elementor-widget elementor-widget-heading\" data-id=\"8972594\" data-element_type=\"widget\" data-widget_type=\"heading.default\">\n\t\t\t\t\t<h2 class=\"elementor-heading-title elementor-size-default\">wy\u0142\u0105cznie dla os\u00f3b zza garnicy<\/h2>\t\t\t\t<\/div>\n\t\t\t\t<div class=\"elementor-element elementor-element-4834b0e elementor-widget elementor-widget-heading\" data-id=\"4834b0e\" data-element_type=\"widget\" data-widget_type=\"heading.default\">\n\t\t\t\t\t<h2 class=\"elementor-heading-title elementor-size-default\">110 z\u0142 <br> \n<\/h2>\t\t\t\t<\/div>\n\t\t\t\t<div class=\"elementor-element elementor-element-1a38b4d elementor-widget elementor-widget-heading\" data-id=\"1a38b4d\" data-element_type=\"widget\" data-widget_type=\"heading.default\">\n\t\t\t\t\t<h2 class=\"elementor-heading-title elementor-size-default\">* oko\u0142o 25 EURO  zgodnie z kursem <br>  EURO na dzie\u0144 p\u0142atno\u015bci<\/h2>\t\t\t\t<\/div>\n\t\t<div class=\"elementor-element elementor-element-5c4a357 e-con-full e-flex e-con e-child\" data-id=\"5c4a357\" data-element_type=\"container\">\n\t\t\t\t<div class=\"elementor-element elementor-element-d1b78cf elementor-widget elementor-widget-text-editor\" data-id=\"d1b78cf\" data-element_type=\"widget\" data-widget_type=\"text-editor.default\">\n\t\t\t\t\t\t\t\t\t<p>Zawiera: dost\u0119p do transmisji online wszystkich <br \/>wyk\u0142ad\u00f3w i sesji, certyfikat uczestnictwa<\/p>\t\t\t\t\t\t\t\t<\/div>\n\t\t\t\t<\/div>\n\t\t\t\t<div class=\"elementor-element elementor-element-1acd867 elementor-align-justify elementor-widget elementor-widget-button\" data-id=\"1acd867\" data-element_type=\"widget\" data-widget_type=\"button.default\">\n\t\t\t\t\t\t\t\t\t\t<a class=\"elementor-button elementor-button-link elementor-size-sm elementor-animation-grow\" href=\"https:\/\/hyperbaricconference.fumed.pl\/index.php\/rejestracja-pakiety\/\">\n\t\t\t\t\t\t<span class=\"elementor-button-content-wrapper\">\n\t\t\t\t\t\t\t\t\t<span class=\"elementor-button-text\">Rejestracja nie jest mo\u017cliwa<\/span>\n\t\t\t\t\t<\/span>\n\t\t\t\t\t<\/a>\n\t\t\t\t\t\t\t\t<\/div>\n\t\t\t\t<\/div>\n\t\t<div class=\"elementor-element elementor-element-e31afeb e-con-full e-flex e-con e-child\" data-id=\"e31afeb\" data-element_type=\"container\" data-settings=\"{&quot;background_background&quot;:&quot;classic&quot;}\">\n\t\t\t\t<div class=\"elementor-element elementor-element-1537bb9 elementor-widget elementor-widget-heading\" data-id=\"1537bb9\" data-element_type=\"widget\" data-widget_type=\"heading.default\">\n\t\t\t\t\t<h2 class=\"elementor-heading-title elementor-size-default\">digital <br>  presenter Pass<\/h2>\t\t\t\t<\/div>\n\t\t\t\t<div class=\"elementor-element elementor-element-b7e373c elementor-widget elementor-widget-heading\" data-id=\"b7e373c\" data-element_type=\"widget\" data-widget_type=\"heading.default\">\n\t\t\t\t\t<h2 class=\"elementor-heading-title elementor-size-default\">czynny udzia\u0142 online (prezentacja)<\/h2>\t\t\t\t<\/div>\n\t\t\t\t<div class=\"elementor-element elementor-element-69fbdf2 elementor-widget elementor-widget-heading\" data-id=\"69fbdf2\" data-element_type=\"widget\" data-widget_type=\"heading.default\">\n\t\t\t\t\t<h2 class=\"elementor-heading-title elementor-size-default\">130 z\u0142 <\/h2>\t\t\t\t<\/div>\n\t\t\t\t<div class=\"elementor-element elementor-element-d1191a9 elementor-widget elementor-widget-heading\" data-id=\"d1191a9\" data-element_type=\"widget\" data-widget_type=\"heading.default\">\n\t\t\t\t\t<h2 class=\"elementor-heading-title elementor-size-default\">* oko\u0142o 30 EURO  zgodnie z kursem <br> EURO na dzie\u0144 p\u0142atno\u015bci<\/h2>\t\t\t\t<\/div>\n\t\t<div class=\"elementor-element elementor-element-fbd1fb8 e-con-full e-flex e-con e-child\" data-id=\"fbd1fb8\" data-element_type=\"container\">\n\t\t\t\t<div class=\"elementor-element elementor-element-d463d97 elementor-widget elementor-widget-text-editor\" data-id=\"d463d97\" data-element_type=\"widget\" data-widget_type=\"text-editor.default\">\n\t\t\t\t\t\t\t\t\t<p>Zawiera: wszystko, co w Digital Access Pass, prawo do wyg\u0142oszenia prezentacji online, Certyfikat \u201eSpeaker\u201d oraz udzia\u0142 w sesjach Q&amp;A online<\/p>\t\t\t\t\t\t\t\t<\/div>\n\t\t\t\t<\/div>\n\t\t\t\t<div class=\"elementor-element elementor-element-9df74f3 elementor-align-justify elementor-widget elementor-widget-button\" data-id=\"9df74f3\" data-element_type=\"widget\" data-widget_type=\"button.default\">\n\t\t\t\t\t\t\t\t\t\t<a class=\"elementor-button elementor-button-link elementor-size-sm elementor-animation-grow\" href=\"https:\/\/hyperbaricconference.fumed.pl\/index.php\/rejestracja-pakiety\/\">\n\t\t\t\t\t\t<span class=\"elementor-button-content-wrapper\">\n\t\t\t\t\t\t\t\t\t<span class=\"elementor-button-text\">Rejestracja nie jest mo\u017cliwa<\/span>\n\t\t\t\t\t<\/span>\n\t\t\t\t\t<\/a>\n\t\t\t\t\t\t\t\t<\/div>\n\t\t\t\t<\/div>\n\t\t<div class=\"elementor-element elementor-element-12599f0 e-con-full e-flex e-con e-child\" data-id=\"12599f0\" data-element_type=\"container\">\n\t\t\t\t<\/div>\n\t\t\t\t\t<\/div>\n\t\t\t\t<\/div>\n\t\t\t\t<\/div>\n\t\t","protected":false},"excerpt":{"rendered":"<p>WYBIERZ PAKIET I PRZEJD\u0179 DO REJESTRACJI Standard Passive Pass 600 Z\u0141 Pe\u0142ny dost\u0119p do wiedzy, Certyfikat z Punktami Edukacyjnymi \u2028i [&hellip;]<\/p>\n","protected":false},"author":1,"featured_media":0,"parent":0,"menu_order":0,"comment_status":"closed","ping_status":"closed","template":"","meta":{"site-sidebar-layout":"no-sidebar","site-content-layout":"","ast-site-content-layout":"full-width-container","site-content-style":"default","site-sidebar-style":"default","ast-global-header-display":"","ast-banner-title-visibility":"","ast-main-header-display":"","ast-hfb-above-header-display":"","ast-hfb-below-header-display":"","ast-hfb-mobile-header-display":"","site-post-title":"disabled","ast-breadcrumbs-content":"","ast-featured-img":"disabled","footer-sml-layout":"","ast-disable-related-posts":"","theme-transparent-header-meta":"","adv-header-id-meta":"","stick-header-meta":"","header-above-stick-meta":"","header-main-stick-meta":"","header-below-stick-meta":"","astra-migrate-meta-layouts":"default","ast-page-background-enabled":"default","ast-page-background-meta":{"desktop":{"background-color":"var(--ast-global-color-5)","background-image":"","background-repeat":"repeat","background-position":"center center","background-size":"auto","background-attachment":"scroll","background-type":"","background-media":"","overlay-type":"","overlay-color":"","overlay-opacity":"","overlay-gradient":""},"tablet":{"background-color":"","background-image":"","background-repeat":"repeat","background-position":"center center","background-size":"auto","background-attachment":"scroll","background-type":"","background-media":"","overlay-type":"","overlay-color":"","overlay-opacity":"","overlay-gradient":""},"mobile":{"background-color":"","background-image":"","background-repeat":"repeat","background-position":"center center","background-size":"auto","background-attachment":"scroll","background-type":"","background-media":"","overlay-type":"","overlay-color":"","overlay-opacity":"","overlay-gradient":""}},"ast-content-background-meta":{"desktop":{"background-color":"var(--ast-global-color-4)","background-image":"","background-repeat":"repeat","background-position":"center center","background-size":"auto","background-attachment":"scroll","background-type":"","background-media":"","overlay-type":"","overlay-color":"","overlay-opacity":"","overlay-gradient":""},"tablet":{"background-color":"var(--ast-global-color-4)","background-image":"","background-repeat":"repeat","background-position":"center center","background-size":"auto","background-attachment":"scroll","background-type":"","background-media":"","overlay-type":"","overlay-color":"","overlay-opacity":"","overlay-gradient":""},"mobile":{"background-color":"var(--ast-global-color-4)","background-image":"","background-repeat":"repeat","background-position":"center center","background-size":"auto","background-attachment":"scroll","background-type":"","background-media":"","overlay-type":"","overlay-color":"","overlay-opacity":"","overlay-gradient":""}},"footnotes":""},"class_list":["post-275","page","type-page","status-publish","hentry"],"_links":{"self":[{"href":"https:\/\/hyperbaricconference.fumed.pl\/index.php\/wp-json\/wp\/v2\/pages\/275","targetHints":{"allow":["GET"]}}],"collection":[{"href":"https:\/\/hyperbaricconference.fumed.pl\/index.php\/wp-json\/wp\/v2\/pages"}],"about":[{"href":"https:\/\/hyperbaricconference.fumed.pl\/index.php\/wp-json\/wp\/v2\/types\/page"}],"author":[{"embeddable":true,"href":"https:\/\/hyperbaricconference.fumed.pl\/index.php\/wp-json\/wp\/v2\/users\/1"}],"replies":[{"embeddable":true,"href":"https:\/\/hyperbaricconference.fumed.pl\/index.php\/wp-json\/wp\/v2\/comments?post=275"}],"version-history":[{"count":49,"href":"https:\/\/hyperbaricconference.fumed.pl\/index.php\/wp-json\/wp\/v2\/pages\/275\/revisions"}],"predecessor-version":[{"id":679,"href":"https:\/\/hyperbaricconference.fumed.pl\/index.php\/wp-json\/wp\/v2\/pages\/275\/revisions\/679"}],"wp:attachment":[{"href":"https:\/\/hyperbaricconference.fumed.pl\/index.php\/wp-json\/wp\/v2\/media?parent=275"}],"curies":[{"name":"wp","href":"https:\/\/api.w.org\/{rel}","templated":true}]}}